 be the third derivative of -b**6/120 - 7*b**5/60 - 11*b**4/24 - 7*b**3/3 + 10*b**2. Let l be i(-6). What is the highest common factor of 176 and l?
16
Let z = 270 + -231. Let i be (130/4)/(3/36). Calculate the greatest common factor of i and z.
39
Let c = -15 + 18. Suppose m + c - 5 = 0. Suppose m*s = -s + 150. What is the greatest common factor of s and 25?
25
Let y(k) = -5*k + 135. Let c be y(-9). What is the highest common factor of 80 and c?
20
Let z(d) = 4*d**2 - 3*d - 2. Let p be z(-1). Let f be (0 - 1)*840/(-8 + p). What is the highest common divisor of 28 and f?
28
Let y = -5 - 3. Let u = y + 10. Suppose u*h - 7*h = -55. Calculate the highest common divisor of h and 99.
11
Suppose -8*m = -4*m - 2476. Let q = m - 399. Suppose -32*d + 31*d = -q. What is the greatest common factor of d and 20?
20
Suppose 3*h = -15, -t + 20 = h + 3*h. Let p(a) = a**3 - 6*a**2 - a + 35. Let u be p(5). Calculate the highest common divisor of u and t.
5
Suppose -3*y = 12, 0*r - 8 = -5*r - 3*y. Suppose -5*b + r*b - 3*m = 0, -2*b - 3*m = -6. Calculate the greatest common divisor of b and 2.
2
Let m(p) = -p**2 + 3*p - 1. Let c be m(2). Let j be 28/(-1)*(-1)/(2/c). What is the highest common divisor of j and 70?
14
Let r(l) = -8*l**2 + 73*l - 8. Let n be r(6). Calculate the highest common factor of 213 and n.
71
Suppose 0 = -4*g + 2*v + 8, -3*g + 5*g + 3*v - 12 = 0. Suppose 0 = -8*z + 7*z + g. Calculate the greatest common divisor of z and 3.
3
Let j = 334 + -230. Let z be (1 - 4/8)*26*2. What is the highest common divisor of j and z?
26
Suppose -4*c = -2*n - 5*c + 133, 2*c - 6 = 0. What is the greatest common factor of 143 and n?
13
Suppose 7*y - 370 = 92. Calculate the greatest common divisor of y and 550.
22
Let h be -3*1*(-4 - -3). Let z be h/1 + -2 + 4. Let w(j) = 49*j**3 + j. Let q be w(1). Calculate the highest common divisor of z and q.
5
Let p = -202 - -668. Let g = p - 331. Suppose 0*y - 15 = -y. What is the greatest common divisor of y and g?
15
Suppose 2*l - 24 = 4*t, 34*t = -5*l + 29*t + 90. What is the highest common divisor of 40 and l?
8
Let n(i) = 25*i - 80. Let w be n(6). Calculate the highest common divisor of w and 315.
35
Suppose 12*d = 26*d - 238. Calculate the greatest common factor of 85 and d.
17
Suppose 5*i + 19 = 44, 3*t + 5*i = 214. What is the greatest common factor of 21 and t?
21
Suppose 7*r = -4*p + 2*r - 292, -2*p = r + 146. Let t = 29 + p. Let k = 74 + t. Calculate the greatest common factor of k and 240.
30
Let f be ((-11)/1)/(4/8). Let r = -14 - f. What is the highest common divisor of r and 8?
8
Suppose 17*h = 16*h + 3. Let w be (-3 - -8)/1 + -3 + h. Calculate the highest common factor of 2 and w.
1
Let p = -886 - -948. What is the highest common factor of p and 992?
62
Let m be 12/5 - (-14)/(-35). Suppose -m*t - 648 = -14*t. Calculate the highest common divisor of 36 and t.
18
Suppose 2*f + 13 = 4*t + 61, t - 60 = -4*f. Suppose 5*c = 6*c - 5*u - 96, -4*c + u + 441 = 0. Let m = 287 - c. Calculate the highest common divisor of f and m.
16
Suppose -70 = 5*q + 4*v, -2*q + 0*v = -2*v + 10. Let d = q + 76. What is the greatest common divisor of d and 12?
6
Let d be (-88)/(-15) + -5 + (-693)/(-135). Calculate the greatest common factor of d and 276.
6
Let l be (-1 - 28)/((-4)/((-36)/(-9))). Calculate the highest common divisor of l and 783.
29
Let q(f) = f**2 - 4*f - 3. Let k be q(6). Let x be (3/9)/(5/45). Suppose -x*u = -u - 126. What is the highest common factor of u and k?
9
Suppose -n + 1 = -4. Suppose 0 = -0*t - n*t + 15. Calculate the greatest common divisor of t and 24.
3
Let v be ((-6)/7)/((-69)/23667). What is the highest common divisor of 42 and v?
42
Suppose -765 = -3*v - 6*v. Calculate the greatest common divisor of v and 5.
5
Let f = 77 + -67. Let g(y) = 2*y**2 - 16*y + 15. Let k be g(f). Calculate the greatest common factor of k and 22.
11
Suppose 0 = 2*v - 25 - 1. Let m = -215 - -332. Calculate the greatest common divisor of v and m.
13
Let r(g) = -8*g - 62. Let l = -6 - 8. Let n be r(l). What is the highest common divisor of n and 2?
2
Let v be (-6 + (-124)/(-8))*18. What is the greatest common divisor of 19 and v?
19
Let o = -56 - -61. Let a(s) = -12*s - 2. Let k be a(-6). Suppose 2*m + l - 4*l - 30 = 0, o*m = 5*l + k. Calculate the highest common factor of 96 and m.
12
Let v = 70 - 19. Suppose 0 = -2*w + 77 - v. Calculate the greatest common factor of 26 and w.
13
Let f(d) = 103*d - 385. Let s be f(7). What is the greatest common divisor of 144 and s?
48
Suppose -5*c - w - 12 = -4*c, 0 = -c - 2*w - 16. Let m be (8/10)/(c/(-280)). Let a = 76 - m. What is the greatest common divisor of 16 and a?
16
Let v(p) = -4 + 0 + p**2 + 0*p**2. Suppose 0 = -9*c - 2*c - 33. Let y be v(c). What is the highest common divisor of 5 and y?
5
Suppose 5*k - 4*v + 30 = -0*v, 4*k - 5*v + 33 = 0. Let m be 39/6 + 1/k. What is the greatest common factor of 2 and m?
2
Let q be ((-1)/(16/(-360)))/(3/16). Calculate the greatest common divisor of 5 and q.
5
Let l = 933 + -885. Calculate the highest common factor of 276 and l.
12
Let v(i) be the second derivative of -i**4/12 + 5*i**3/3 + 3*i**2/2 - i. Let u = -85 + 95. Let z be v(u). What is the greatest common factor of z and 1?
1
Let w = 153 - 90. Calculate the highest common divisor of w and 15.
3
Suppose 4*q = -b + 500, 7*b - 5*b + 638 = 5*q. Calculate the highest common factor of q and 18.
18
Let c be ((-3)/(-9))/((-5)/(-270)). Let p be 12/c + 56/6. Calculate the greatest common factor of p and 2.
2
Let m(x) = -x**3 - 23*x**2 - 19*x + 72. Let h be m(-22). What is the greatest common divisor of h and 66?
6
Let v = -47 - -56. What is the greatest common factor of v and 1017?
9
Suppose 0 = 2*v - 2, -p - 19 = -v - 4*v. Let b be (-46 - 0)/(12 + p). Suppose -5*u = -0*u - 115. Calculate the greatest common factor of u and b.
23
Suppose -5*o + p + 44 = 5*p, 2*p = 2. Calculate the greatest common factor of 136 and o.
8
Let u(c) = c**2 - 35*c - 134. Let z be u(-4). Calculate the greatest common divisor of z and 6.
2
Suppose -3*w + 450 = 3*c - 0*c, -w - 140 = -c. Let b = c - 64. What is the highest common factor of 27 and b?
27
Suppose -3*n + 336 = -3*k, 58*k - 452 = -4*n + 63*k. Suppose j - s = 3*s + 28, 0 = -2*j - 2*s + 16. Calculate the greatest common divisor of j and n.
12
Suppose -461 = -5*t + 4*n + 1, -345 = -4*t - 5*n. Let s(x) = -x**3 - 2*x**2 - 2*x + 3. Let d be s(-3). Calculate the highest common divisor of t and d.
18
Let w(t) = 9*t**2 - 2*t - 1. Let a be (-2)/(-12) + 10/12. Let n be 1/((-15)/(-12) - a). Let u be w(n). What is the highest common divisor of 15 and u?
15
Suppose 3*j + 20 = 4*k, 3*k + 0*k - 15 = -4*j. Suppose x = -2 + 4. Suppose -2*i + 12 = x. Calculate the highest common factor of k and i.
5
Let d be 14/(-8)*(0 + -216). What is the greatest common divisor of d and 42?
42
Suppose 0 = 14*q - 18*q - 5*s + 198, 3*q - 3*s - 162 = 0. Calculate the highest common factor of q and 988.
52
Let i be ((-285)/38)/((-4)/(-160)*-6). Let t be (-2)/(2 - 0) + 49. Let f = 68 - t. Calculate the greatest common factor of f and i.
10
Let a be (-10 + -5)/(-5) + 915. Calculate the highest common divisor of 54 and a.
54
Suppose -4*i + 26 = -i + 2*z, -4*i + 4*z + 28 = 0. Suppose -4*o - 5*j = -22, j + 3*j = i. Calculate the greatest common divisor of 2 and o.
1
Let t(f) = -f + 17. Let z be t(0). Let g(x) = x**3 - 11*x**2 - x - 1. Let u be g(10). Let o = u + 162. What is the highest common divisor of z and o?
17
Suppose -3*c - 2159 = 4*s + s, -5*c = 3*s + 1289. Let h be (-8)/32 + s/(-4). Let w be (-74)/(-1) + 40/(-20). Calculate the highest common divisor of w and h.
36
Let d = 262 - 180. Suppose -n + f + d = 0, 0 = -n - 2*f + 24 + 52. Suppose p = 6*p - 80. What is the highest common divisor of p and n?
16
Let o = 215 + -209. Let n be 1 + 0 + 1 + 0. Calculate the greatest common factor of n and o.
2
Suppose -3*y = -31*o + 33*o - 17, 3*y = 9. Suppose -3 + 22 = 4*b - 3*q, -3*b = -5*q - 6. Suppose -3 + b = d. What is the greatest common divisor of o and d?
4
Let p be 350/4*2 - 0. What is the highest common factor of p and 70?
35
Let f(i) = 2*i**2 - 64. Let k be f(-10). What is the highest common divisor of k and 8?
8
Let h be (-12)/(-2)*54/12. Suppose f - 6 = -3*w + 9, -5*w - f + h = 0. Let g = 78 -